. Give d(-129).
-316
Let l(b) = 10*b - 1245. Determine l(85).
-395
Let x(m) = 36*m**2 - 284*m - 162. Give x(9).
198
Let w(l) = -11043*l - 40933. Calculate w(-4).
3239
Let l(s) = -9*s**2 + 534*s + 2133. Calculate l(-4).
-147
Let q(f) = 21*f**2 + 1472*f + 1069. Calculate q(-70).
929
Let q(z) = -32*z**3 - 61373*z**2 + 5753*z - 1929. Give q(-1918).
-11
Let m(r) = 78*r**2 + 2255*r - 25. What is m(-29)?
178
Let w(b) = 7*b**2 - 1530*b + 11112. Calculate w(211).
-71
Let z(l) = l**2 + 22*l - 2257. What is z(-63)?
326
Let w(g) = -g**2 + 47*g + 712. What is w(59)?
4
Let b(r) = -1220*r - 133323. What is b(-106)?
-4003
Let j(p) = -302*p - 4370. Determine j(-8).
-1954
Let u(o) = -2*o**3 + 298*o**2 + 603*o + 149. What is u(151)?
-2
Let w(p) = 526*p + 10976. What is w(-18)?
1508
Let j(y) = -1808*y - 18249. Calculate j(-10).
-169
Let f(a) = 602*a - 27674. What is f(46)?
18
Let v(o) = -2*o**3 + 306*o**2 - 74*o + 11314. Determine v(153).
-8
Let u(q) = -4*q**2 + 360*q + 4069. Give u(100).
69
Let t(b) = 294*b + 177567. Calculate t(-604).
-9
Let x(a) = -a**3 - 951*a**2 - 4705*a + 120. Determine x(-5).
-5
Let k(r) = -2*r**2 + 75*r - 1085. Give k(24).
-437
Let z(f) = f**3 + 18*f**2 - 109*f + 50. What is z(-22)?
512
Let s(y) = -17598*y - 457545. Determine s(-26).
3
Let d(t) = -3*t**3 + 287*t**2 + 103*t - 698. Give d(96).
-26
Let d(i) = -1288*i + 25758. What is d(20)?
-2
Let p(h) = -2*h**3 - 18*h**2 + 95*h + 369. Determine p(-4).
-171
Let x(q) = q**2 - 227*q - 80428. Calculate x(419).
20
Let m(y) = -y**3 - 1660*y**2 + 2824*y + 1931738. Calculate m(-1661).
-5
Let j(a) = -602*a + 113295. What is j(188)?
119
Let x(r) = -160*r + 23544. Determine x(150).
-456
Let l(k) = -4*k**2 + 26*k + 8688. Determine l(50).
-12
Let l(s) = -16*s**2 - 1510*s + 4069. Calculate l(-97).
-5
Let g(p) = -2*p**3 - 14*p**2 - 527*p - 3100. Determine g(-6).
-10
Let a(d) = 11*d**2 + 181*d + 101. What is a(-16)?
21
Let s(u) = -5*u**2 + 303*u - 3833. Give s(19).
119
Let g(h) = 26*h**2 - 93*h - 403. What is g(-4)?
385
Let c(h) = h**3 - 87*h**2 + 190*h + 5178. What is c(84)?
-30
Let j(u) = -2*u**3 - 305*u**2 + 131*u - 2317. Give j(-153).
1049
Let h(m) = -216*m**2 + 15997*m - 982. What is h(74)?
-20
Let t(v) = -1347*v - 127988. Determine t(-95).
-23
Let o(t) = t**3 - 84*t**2 - 549*t + 1268. Calculate o(90).
458
Let y(k) = -48*k**3 + 25*k**2 - 56*k + 7. Calculate y(2).
-389
Let j(y) = -y**3 + 11*y**2 - 42*y + 219. Determine j(10).
-101
Let t(u) = 292*u**2 + 531*u - 48. What is t(-2)?
58
Let j(i) = -9349*i - 3543413. Calculate j(-379).
-142
Let g(w) = -371*w**2 - 15604*w - 920. Calculate g(-42).
4
Let k(y) = 2*y**3 - 158*y**2 - 2395*y + 456. Give k(92).
180
Let b(l) = -653*l + 12342. Calculate b(19).
-65
Let t(h) = -12159*h - 1337467. Determine t(-110).
23
Let w(q) = 294*q**2 + 753*q - 2680. Give w(2).
2
Let x(t) = -253309*t - 253309. Give x(-1).
0
Let b(z) = -169*z + 7697. Calculate b(46).
-77
Let y(c) = -15*c**2 + 1938*c - 529. Determine y(129).
-142
Let q(t) = -165501*t - 1655000. What is q(-10)?
10
Let a(f) = -f**3 - 18*f**2 + 3057*f - 90. Calculate a(47).
4
Let m(b) = b**3 - 16*b**2 - 61*b + 32. Determine m(-6).
-394
Let d(h) = 125*h + 10227. What is d(-101)?
-2398
Let z(i) = 23603*i - 259654. Calculate z(11).
-21
Let i(m) = 3172*m + 69569. Determine i(-22).
-215
Let x(q) = -q**3 + 31*q**2 - 71*q + 1141. Determine x(30).
-89
Let a(n) = -7*n**3 - 36*n**2 + 438*n + 2216. Determine a(-5).
1
Let v(y) = 78*y**2 - 1448*y - 649. Give v(19).
-3
Let o(m) = -1584*m + 67975. Determine o(43).
-137
Let c(p) = 1338*p - 449573. Give c(336).
-5
Let z(q) = 7*q + 6916. What is z(29)?
7119
Let t(u) = 583*u - 14553. Determine t(25).
22
Let o(b) = -6*b**3 + 167*b**2 - 332*b - 2325. Determine o(25).
0
Let x(c) = -16*c**3 + 6*c**2 - 13*c + 17. What is x(3)?
-400
Let c(t) = -2*t**3 + 128*t**2 - 1343*t - 21. What is c(13)?
-242
Let j(m) = -7*m**2 + 671*m + 55425. Give j(149).
-3
Let o(f) = 32*f - 43. Give o(56).
1749
Let b(g) = 23*g**2 - 58*g + 116. What is b(7)?
837
Let l(x) = -2*x**3 + 836*x**2 + 5942*x + 3454. Calculate l(425).
54
Let i(f) = f**3 - 49*f**2 + 8*f - 3322. Calculate i(51).
2288
Let q(w) = -395*w + 13824. Give q(27).
3159
Let k(x) = -3*x**3 + 393*x**2 - 198*x + 25679. Calculate k(131).
-259
Let l(x) = -214*x + 13749. What is l(61)?
695
Let b(p) = -3346*p + 100362. What is b(30)?
-18
Let n(m) = -7*m**2 + 344*m + 81140. Calculate n(135).
5
Let b(i) = -4*i**2 + 852*i - 13680. Determine b(196).
-352
Let i(y) = 14*y**2 + 3959*y - 8908. Determine i(-285).
-73
Let t(v) = -92*v**3 - 7156*v**2 + 1553*v - 561. Give t(-78).
-15
Let u(i) = 1603*i - 72917. What is u(46)?
821
Let q(u) = u**3 + 34*u**2 + 206*u - 54. Give q(-12).
642
Let s(m) = -1876*m + 390392. What is s(208)?
184
Let q(j) = j**3 + 3279*j**2 - 89207*j - 1491. Calculate q(27).
-6
Let v(p) = 44*p**3 - 2801*p**2 - 935*p - 1603. Give v(64).
-3
Let w(s) = s**2 - 424*s - 142549. Determine w(645).
-4
Let c(y) = 522*y**2 - 3137*y - 4. What is c(6)?
-34
Let n(v) = -196440*v + 7268290. Determine n(37).
10
Let n(w) = 74*w**2 - 50026*w + 1363. Give n(676).
11
Let x(j) = 357*j - 15057. Give x(42).
-63
Let p(k) = -2*k**3 + 36*k**2 + 1156*k - 21575. Determine p(20).
-55
Let h(o) = -o**2 - 1020*o - 48500. Calculate h(-50).
0
Let u(o) = -2*o**2 + 890*o - 5259. Give u(6).
9
Let q(u) = -32626*u - 17846427. Determine q(-547).
-5
Let k(n) = -921*n - 2269. What is k(-1)?
-1348
Let r(h) = 25*h**2 - 138*h + 81. Determine r(5).
16
Let h(r) = 5*r**3 - 48*r**2 + 62*r + 105. Calculate h(3).
-6
Let m(c) = 699*c + 6981. Calculate m(-10).
-9
Let a(j) = -3648*j**2 - 91183*j + 418. Calculate a(-25).
-7
Let y(u) = -96*u - 7738. Calculate y(-79).
-154
Let q(z) = -z**3 + 17*z**2 + 888*z - 16606. Give q(20).
-46
Let o(m) = -13*m**3 - 121*m**2 + 94*m + 50. Calculate o(-10).
10
Let m(r) = -5*r**3 + 23*r**2 - 601*r + 1729. Give m(3).
-2
Let s(o) = 138*o - 6268. Calculate s(31).
-1990
Let m(l) = -l**2 + 70*l - 1310. Calculate m(45).
-185
Let a(f) = -50800*f - 6959619. Give a(-137).
-19
Let w(b) = 2*b**2 - 256*b + 1876. Calculate w(121).
182
Let o(l) = -l**3 + 55*l**2 - 133*l - 984. Determine o(6).
-18
Let d(i) = i**3 - 25*i**2 - 11*i + 777. Determine d(0).
777
Let y(q) = -11248*q + 112483. Give y(10).
3
Let o(z) = z**2 - 796*z + 16255. What is o(21)?
-20
Let t(v) = -59070*v - 2008405. Determine t(-34).
-25
Let n(a) = a**2 + 121*a - 45937. Calculate n(-283).
-91
Let y(w) = 5*w**3 + 234*w**2 - 51*w + 25. Give y(-47).
213
Let v(u) = -u**3 - 46*u**2 + 19*u + 4428. What is v(-44)?
-280
Let o(n) = -3776*n - 309385. Give o(-82).
247
Let o(r) = -15547*r + 35633716. Determine o(2292).
-8
Let z(l) = 4666*l - 97916. Determine z(21).
70
Let n(j) = -179430*j - 1076572. Determine n(-6).
8
Let v(t) = 52*t**2 - 126*t + 21. Give v(6).
1137
Let s(y) = -424*y - 15349. What is s(-36)?
-85
Let u(o) = -o**3 - 14*o**2 - 38*o - 6701. Calculate u(-24).
-29
Let d(x) = 25193*x + 101364. Calculate d(-4).
592
Let p(g) = -61*g - 1990. What is p(-32)?
-38
Let q(p) = -p**3 + 34*p**2 - 1762*p + 57061. Give q(33).
4
Let a(x) = -259*x**2 + 1575*x - 122. Calculate a(6).
4
Let o(m) = -210*m + 42423. What is o(202)?
3
Let x(k) = -k**3 - 199*k**2 + 393*k - 2419. Calculate x(-201).
-610
Let z(i) = -16*i**2 - 490*i + 2420. What is z(5)?
-430
Let v(t) = -t**3 + 473*t**2 - 3732*t + 58. What is v(8)?
-38
Let t(j) = -318123*j + 1272459. What is t(4)?
-33
Let w(a) = a**2 + 2068*a - 10319. Give w(5).
46
Let n(o) = -6*o**2 - 646*o + 20226. What is n(-133)?
10
Let h(j) = -20*j**2 - 388*j + 1112. Determine h(-22).
-32
Let s(w) = -w**3 - 17*w**2 + 8*w + 28. Calculate s(-7).
-518
Let f(h) = -3*h**3 + 1590*h**2 + 1550*h + 22835. What is f(531)?
2
Let l(c) = -c**3 + 311*c**2 + 901*c - 116. Calculate l(-3).
7
Let j(z) = 20*z**2 + 8862*z + 8840. Determine j(-1).
-2
Let t(b) = 9*b**3 + 1519*b**2 - 45*b + 49530. Give t(-169).
13
Let m(r) = 2*r**3 + 1193*r**2 + 1778*r - 4159. Give m(-595).
6
Let q(d) = -6146*d + 135243. Calculate q(22).
31
Let f(t) = -58645*t - 1700723. Calculate f(-29).
-18
Let g(j) = 14*j**3 - j**2 + 642*j - 640. Determine g(1).
15
Let z(t) = -t**3 - 97*t**2 - 2035*t + 348. Give z(-30).
1098
Let z(u) = -350*u - 6919. Give z(-21).
431
Let l(b) = -6358*b - 1023719. Give l(-161).
-81
Let p(h) = 175*h**2 - 638*h - 109. What is p(4)?
139
L